p(i) = -25*i**3 - 6*i**2 + 26*i - 28. What is p(2)?
-200
Let t(l) = -2*l**3 - 56*l**2 - 6*l - 154. Calculate t(-28).
14
Let f(i) = i**3 + 15*i**2 + 2*i + 8. Give f(-16).
-280
Let g(m) = -m**3 - 58*m**2 + 124*m + 234. Give g(-60).
-6
Let z(q) = -18*q**2 + 520*q + 58. Give z(29).
0
Let z(m) = -7*m**2 - 41*m - 56. Determine z(-6).
-62
Let a(v) = v**3 - 63*v**2 - 5*v + 325. Determine a(63).
10
Let x(d) = -166*d - 344. Give x(-2).
-12
Let u(c) = c**2 + 120*c + 677. What is u(-6)?
-7
Let s(x) = -7*x**3 - 195*x**2 - 339*x - 33. Give s(-26).
-7
Let h(d) = -1571*d - 21997. Determine h(-14).
-3
Let l(g) = g**3 + 12*g**2 + 5. Determine l(-9).
248
Let p(t) = -t**3 - 38*t**2 - 152*t - 547. What is p(-34)?
-3
Let y(n) = 6*n**2 + 9*n + 50. Give y(-4).
110
Let t(p) = 6*p**3 + 47*p**2 - 14*p - 28. Calculate t(-8).
20
Let u(f) = 563*f + 3987. Give u(-6).
609
Let t(b) = -49*b - 1088. What is t(-22)?
-10
Let y(d) = 2173*d + 17384. What is y(-8)?
0
Let q(o) = -o**3 - o**2 + 11*o + 3. Calculate q(-3).
-12
Let b(f) = -109*f + 871. Calculate b(8).
-1
Let c(p) = -20*p - 142. Determine c(-11).
78
Let t(u) = 15*u**2 - 1503*u + 319. What is t(100)?
19
Let m(v) = -262*v + 1882. Give m(7).
48
Let d(y) = -y**3 + 9*y**2 + 2*y - 4. Calculate d(10).
-84
Let h(p) = 16*p - 1473. Determine h(91).
-17
Let m(c) = -5*c**3 + 16*c**2 + 69*c + 4. Determine m(-5).
684
Let k(j) = -64*j + 227. Calculate k(8).
-285
Let b(r) = r**3 - 9*r**2 + 182*r - 780. Give b(5).
30
Let k(j) = -321*j - 2325. What is k(-8)?
243
Let y(w) = w**3 + 35*w**2 - 293*w + 38. Calculate y(-42).
-4
Let h(m) = -63*m**2 + 748*m + 748. What is h(-1)?
-63
Let r(f) = -f**3 + 21*f**2 - 42*f + 161. Calculate r(20).
-279
Let r(p) = 30*p + 2061. Determine r(-69).
-9
Let d(t) = 144*t + 865. Calculate d(-6).
1
Let w(p) = -p**3 + 187*p**2 + 53*p - 9906. Determine w(187).
5
Let s(h) = -41*h**3 + 246*h**2 - 4*h + 25. Calculate s(6).
1
Let u(t) = -t**3 + 16*t + 14. Calculate u(4).
14
Let p(g) = -5*g**2 + 37*g - 28. Calculate p(7).
-14
Let w(m) = 4*m**2 + 48*m - 16. Give w(-12).
-16
Let s(z) = 70*z - 5722. Calculate s(82).
18
Let t(i) = -i**2 - 29*i - 223. Calculate t(-14).
-13
Let m(r) = 57*r - 1349. Calculate m(17).
-380
Let p(y) = 55*y + 1333. Give p(-24).
13
Let r(h) = -h**3 + 4*h**2 + 29*h - 162. Calculate r(-6).
24
Let c(h) = 6*h**2 + 64*h + 264. What is c(-5)?
94
Let o(a) = -409*a - 294. Calculate o(-1).
115
Let n(l) = -322*l - 26077. Calculate n(-81).
5
Let t(b) = -428*b - 37660. Determine t(-88).
4
Let g(f) = -10*f**3 + 11*f**2 - 8*f - 6. Calculate g(4).
-502
Let s(h) = 352*h - 5243. What is s(15)?
37
Let n(v) = 92*v - 500. Calculate n(5).
-40
Let s(t) = -t**2 + 11*t + 9. Give s(6).
39
Let v(r) = -2*r**2 + 157*r - 929. Determine v(72).
7
Let h(d) = -15*d + 1869. What is h(125)?
-6
Let d(y) = -52*y**2 + 18*y + 1. Give d(1).
-33
Let i(j) = 44*j + 317. Give i(-8).
-35
Let l(q) = -11*q**2 + 287*q - 21. Determine l(26).
5
Let x(f) = 68*f**2 - 22104*f + 1301. Give x(325).
1
Let l(w) = -230*w**2 - 845*w - 843. Calculate l(-1).
-228
Let q(v) = 285*v - 7977. What is q(28)?
3
Let c(x) = -x**2 + 25*x - 199. Give c(15).
-49
Let l(s) = 2*s**2 - 29*s - 96. What is l(-3)?
9
Let g(k) = -7*k**2 - 18*k + 6. Determine g(-4).
-34
Let s(b) = -11982*b - 23975. Determine s(-2).
-11
Let c(o) = o**3 - 40*o**2 - 32*o - 365. Give c(41).
4
Let j(u) = 20*u - 35. What is j(-5)?
-135
Let c(q) = q**3 - 10*q**2 + 15*q + 13. Give c(4).
-23
Let w(n) = 137*n**2 - 2*n - 80. What is w(0)?
-80
Let l(x) = -x**2 + 62*x - 855. What is l(41)?
6
Let d(o) = 1674*o**2 + 15071*o + 43. What is d(-9)?
-2
Let r(d) = -4*d**2 - 24*d - 46. Determine r(-7).
-74
Let t(w) = 6*w**2 - 79*w + 18. Give t(13).
5
Let x(j) = 11*j + 9. Calculate x(3).
42
Let s(k) = -10*k + 152. Give s(19).
-38
Let k(y) = y**3 + 8*y**2 + 9*y + 28. What is k(-6)?
46
Let o(y) = -442*y + 13707. Calculate o(31).
5
Let m(q) = 2*q**2 + 95*q + 95. Give m(-45).
-130
Let d(v) = -8144*v - 179174. Determine d(-22).
-6
Let f(a) = 39*a - 488. Give f(13).
19
Let k(t) = -t**2 - 236*t - 5095. Give k(-212).
-7
Let m(n) = -n**3 + 13*n**2 + 6*n - 50. Give m(14).
-162
Let x(q) = -1761*q - 7039. What is x(-4)?
5
Let z(m) = 5*m**2 + 64*m + 45. Determine z(-8).
-147
Let p(i) = i**3 + 165*i**2 - 3703*i + 33. What is p(20)?
-27
Let m(k) = 2*k**2 + 59*k + 97. Calculate m(-28).
13
Let c(u) = -6319*u - 101105. Calculate c(-16).
-1
Let s(x) = -10*x**2 - 76*x. Give s(-3).
138
Let w(n) = 80*n - 475. Calculate w(6).
5
Let g(b) = -b**3 - 14*b**2 - 57*b - 64. Determine g(-4).
4
Let i(o) = 2*o**2 - 89*o - 2841. What is i(66)?
-3
Let y(x) = -13*x**2 - 23*x - 3. Give y(-2).
-9
Let c(v) = 2*v**3 - 96*v**2 + 85*v + 427. Determine c(47).
4
Let d(n) = n**3 - 18*n**2 + 39*n + 30. Give d(15).
-60
Let t(b) = 6*b**2 - 61*b - 283. Determine t(14).
39
Let k(w) = -17*w + 91. Calculate k(10).
-79
Let v(a) = -a**2 - 13*a + 19. What is v(15)?
-401
Let z(l) = 5520*l - 38642. Give z(7).
-2
Let r(s) = -9*s**2 - 78*s - 7. Calculate r(0).
-7
Let l(a) = -170*a**3 + 179*a**2 - 5*a - 3. Give l(1).
1
Let w(c) = 442*c + 19004. Give w(-43).
-2
Let o(k) = -336*k + 86694. Determine o(258).
6
Let h(r) = -492*r - 4420. Determine h(-9).
8
Let w(d) = -11*d + 380. Calculate w(63).
-313
Let b(p) = -p**3 - 7*p**2 + 13*p + 76. Give b(-6).
-38
Let d(z) = -154*z - 550. Give d(-3).
-88
Let h(c) = 2*c**2 + 285*c - 7617. What is h(23)?
-4
Let n(a) = -40*a**2 + 1201*a - 38. What is n(30)?
-8
Let q(n) = 12*n**2 - 52*n - 34. Calculate q(5).
6
Let z(h) = -24*h + 86. What is z(4)?
-10
Let m(f) = 2*f**2 + 10*f - 522. Give m(0).
-522
Let l(i) = -i**3 - 7*i**2 + 11*i + 6. Calculate l(-7).
-71
Let x(a) = -761*a - 25844. Calculate x(-34).
30
Let b(q) = q**3 + q**2 - 6*q + 63. Calculate b(0).
63
Let u(h) = h**3 - 3*h**2 + 32*h - 176. What is u(6)?
124
Let d(s) = 49*s**2 + 2*s - 8. Give d(-2).
184
Let y(g) = -g**2 - 4*g + 76. Determine y(8).
-20
Let g(v) = -v**2 + 27*v + 231. Determine g(-6).
33
Let f(l) = 2*l**2 + 36*l + 1. Calculate f(-7).
-153
Let k(d) = 421*d + 46329. Calculate k(-110).
19
Let o(r) = -r**2 - 14*r + 44. Give o(3).
-7
Let i(y) = -500*y + 4484. Determine i(9).
-16
Let s(t) = 12*t**2 + 181*t - 13. Determine s(-8).
-693
Let r(v) = -4*v**2 + 46. Determine r(0).
46
Let x(l) = l**3 - l**2 + 7*l + 26. Calculate x(0).
26
Let h(a) = -a**3 + a**2 + 11*a + 12. Determine h(3).
27
Let x(g) = 113*g + 1204. Determine x(-11).
-39
Let y(c) = c**3 + 66*c**2 - 34*c - 2239. Calculate y(-66).
5
Let x(h) = -14*h - 84. Determine x(-18).
168
Let b(h) = h**2 + 1824*h + 16347. Give b(-9).
12
Let i(m) = m**3 + 111*m**2 + 115*m + 542. Give i(-110).
-8
Let v(g) = 18*g**2 - 39*g - 85. What is v(-2)?
65
Let h(g) = g**2 + 61*g - 586. Determine h(-69).
-34
Let q(d) = -d**2 - 285*d - 20242. Determine q(-135).
8
Let h(q) = 5*q**3 - 10*q**2 - 9*q + 8. Give h(6).
674
Let f(w) = -10*w - 176. Calculate f(-20).
24
Let p(w) = -w**2 - 3*w + 82. Determine p(-11).
-6
Let j(s) = 10*s**2 - 12*s + 16. Give j(2).
32
Let g(k) = 11*k + 893. Give g(-84).
-31
Let v(r) = r**3 - 54*r**2 - 78*r + 1370. Give v(55).
105
Let x(g) = -18*g**2 + 200*g - 15. Give x(11).
7
Let x(c) = 4*c**2 - 5*c - 453. Calculate x(-10).
-3
Let q(v) = 224*v + 83. Give q(0).
83
Let s(y) = 2387*y**2 + 7165*y - 7. Calculate s(-3).
-19
Let l(a) = -a**3 + 51*a**2 + 106*a + 6. Give l(53).
6
Let r(c) = -28*c - 179. What is r(-9)?
73
Let a(v) = -v**3 - 5*v**2 + 4*v - 2. What is a(-5)?
-22
Let v(a) = 4*a**2 - 111. What is v(11)?
373
Let p(a) = -a**2 - 85*a + 337. Calculate p(-89).
-19
Let h(k) = 24*k - 1575. Calculate h(59).
-159
Let t(w) = w**3 + 19*w**2 + 33*w - 27. What is t(-13)?
558
Let u(a) = 44*a - 1760. Determine u(39).
-44
Let t(s) = 898*s + 2693. Give t(-3).
-1
Let u(h) = h**2 - 70*h - 58. Give u(0).
-58
Let d(s) = -s**3 + 51*s**2 + 95*s - 2229. Give d(52).
7
Let n(h) = -19*h - 30. What is n(-16)?
274
Let l(d) = -2*d**2 - 39*d + 663. Determine l(13).
-182
Let o(t) = -t**3 - 6*t**2 + 3*t - 8. Give o(-9).
208
Let y(i) = i**3 - 6*i**2 - 187*i - 8. Calculate y(17).
-8
Let l(w) = -2*w**3 - 19*w**2 + 70*w - 10. Determine l(3).
-25
Let a(g) = g**3 + 7*g**2 - 17*g + 18. What is a(-9)?
9
Let a(i) = 11*i**2 + 122*i + 376. Determine a(-3).
109
Let r(n) = -n**2 - 28*n + 141. Determine r(5).
-24
Let u(w) = -2*w**3 - 27*w**2 - 22*w - 989. Give u(-15).
16
Let